 + 4 + 3 + (7 - 2).
-1
What is -16 - (-7 + -7 + 4)?
-6
Evaluate 2 - -1 - (4 + -4).
3
What is (3 - 7) + 2 + (18 - 12)?
4
Calculate (8 - 4) + -3 + -2 + 1.
0
Evaluate -157 - -142 - (0 + -11).
-4
Calculate 5 + 3 + (1 - 6).
3
What is the value of 2 - (-4 - -12) - -1?
-5
Calculate -3 + (2 - (0 - 1)).
0
-4 + 0 + 3 + 1 + 1
1
What is (0 - (3 - 1)) + (-11 - -10)?
-3
(-4 - -8 - -1) + -3 + 4
6
Calculate 13 - 1 - 6 - (4 + -2).
4
What is the value of -4 - (1 - (6 - 4)) - -5?
2
Evaluate (-3 - -3) + 4 - (3 + 2).
-1
What is the value of 4 + -11 - (-3 - 0)?
-4
Calculate -2 - (4 + (-3 - 2)) - -4.
3
(1 - -1) + -1 - (-15 - -17)
-1
-23 + 21 + 0 + 0
-2
What is -7 - (-9 + 8 + -1 + 2)?
-7
What is the value of 4 - (5 + 2 + -1 + -2)?
0
Evaluate 4 - (6 - -1) - -6.
3
What is (5 - (0 - -1)) + (-220 - -209)?
-7
Evaluate 1 - (9 + -15 - -13).
-6
Calculate -13 - (-1 - (7 + -4)).
-9
What is 7 - (7 + (3 - 4))?
1
3 + (5 + -8 - -2 - -4)
6
Calculate 6 - (-2 + 9) - (2 - -1).
-4
What is -2 - (-1 - 1) - (3 + -2)?
-1
What is (-5 - (-5 - -2)) + 2?
0
Evaluate -7 + (-6 - (-3 + 3 + -7)).
-6
What is the value of 3 + -5 + (6 - (0 + -2))?
6
What is the value of (-9 - -8) + 9 + -2?
6
Evaluate 4 + -1 + -5 + 8 + -2.
4
(2 + -5 - -8) + (0 - 0)
5
Evaluate 2 - (5 + 3 + 0 + 2).
-8
Evaluate (2 - -2) + (14 - 9 - 1).
8
What is (-2 - 1 - (0 + -7)) + -5?
-1
4 - (5 - 1 - (1 - -2))
3
What is the value of (0 - -5) + -13 + 9 + -4?
-3
What is 12 - 13 - (-1 - 1)?
1
60 + -63 + -1 + 3
-1
8 + (-11 - -7 - -4)
8
Evaluate -5 + (0 - (5 + -5)).
-5
36 + -41 - (-1 + -10) - 10
-4
Calculate 5 - ((-4 - -1) + 7 + 1).
0
What is the value of -1 + -7 - (-1 + -4)?
-3
What is 3 - (-3 + (3 - -4))?
-1
What is -5 + -3 - (-2 + -2)?
-4
2 - (4 - ((0 - -1) + 1))
0
What is the value of -1 + (-1 - (5 + (2 - 4)))?
-5
Calculate (3 - 4 - -1) + 7.
7
What is -1 - 0 - (1 + -8 + 4)?
2
Evaluate -5 - ((0 - 1) + -7).
3
2 + 1 + 3 + 7 + -12
1
Evaluate 2 + (7 - 9) + -2 + 9.
7
(-8 - (8 + -17)) + -6
-5
What is -3 - -7 - (-16 + 19)?
1
Evaluate -7 + 14 - (7 + 3).
-3
Calculate -8 + (-2 - -10 - (5 + -2)).
-3
10 + (1 - 3) + -4
4
What is the value of 11 - (7 - -3 - 4)?
5
Evaluate 1 + -5 - (2 - 1).
-5
What is (-2 - -1) + (-1 - -7) + -3?
2
Calculate -4 + (3 + 1 - (-63 - -65)).
-2
What is 1 - 0 - (-8 - -13)?
-4
What is the value of 1 + (3 - (-1 - -3) - 1)?
1
What is the value of 9 - (12 + 0 + -8)?
5
-4 + 5 + -5 + 0
-4
What is the value of 4 - (-8 + (1 - -7) + 0)?
4
What is the value of (6 - 0) + (-1 - 3) - 4?
-2
Calculate (-1 - (4 + -6)) + 1 - 2.
0
Calculate 1 + 0 - (5 - 5) - 3.
-2
(0 - 0) + (1 - 3) + 2
0
What is the value of -1 - (-4 - (-4 + 3 + -4))?
-2
What is the value of (2 - (3 - -1)) + -13 + 10?
-5
What is 4 - 1 - (-26 + 30)?
-1
What is the value of -7 + (1 - -9 - (-14 - -20))?
-3
What is -1 - 0 - 1 - (5 + -9)?
2
What is the value of (-2 - 4) + 16 - 6?
4
-8 + (6 - (-8 + 8))
-2
Calculate (11 - (3 + -3)) + -6.
5
Calculate -4 + (4 - 0) - (16 - 20).
4
-7 + 16 + (-8 - -5)
6
Evaluate 10 - (-2 + 12 + (-23 - -21)).
2
What is -130 - -143 - (14 - 1)?
0
What is -4 - (-6 + (2 - 8))?
8
Evaluate 0 - 4 - (-4 + -2).
2
Calculate 1 - (2 + -1) - (4 - 5).
1
-5 + 3 + 0 + 11 + -4
5
What is 9 + -2 - (2 + (-6 - -7))?
4
-2 + 2 + 1 - -1
2
What is -6 + 0 + 0 + 21 + -21?
-6
What is the value of (-3 - -1) + -2 - (-2 + -4)?
2
What is 1 - 3 - (-5 - -7 - 8)?
4
What is the value of -16 + (11 - 5) - -6?
-4
Evaluate (0 - (1 + -1)) + (18 - 19).
-1
What is the value of (0 - -4) + (3 - (8 + 3))?
-4
Evaluate (4 - 18) + (8 - -2).
-4
(-7 - (0 - 5)) + -3
-5
(-8 - -7) + 0 + -3 + 5
1
What is (5 - 1 - (3 + 0)) + -1?
0
What is 0 - (1 - (-8 + 9))?
0
Calculate (-1 + -2 - -2) + (46 - 52).
-7
Calculate (-1 - 3) + 15 + (3 - 17).
-3
What is the value of -4 - (-4 + (1 - -2 - 4))?
1
(2 + -2 - 3) + -1
-4
2 - (-4 + 7 + 3) - -9
5
What is -2 + 14 + -3 + -13?
-4
What is the value of -3 + -5 + 3 - -10?
5
Evaluate 0 + -10 - ((3 - 4) + -2).
-7
3 - (21 + 6 + -17)
-7
What is the value of -8 + 3 + 1 + 0?
-4
Calculate -3 - -6 - (-13 + 7 - -3).
6
Evaluate (6 - 1) + -3 - 0.
2
Evaluate (-3 - -8) + -1 + -6.
-2
Evaluate (-2 - -6) + 0 - (8 + -8).
4
Calculate (-6 - -5) + 7 + -4.
2
Calculate 9 + 8 + -14 + -4.
-1
What is the value of 10 - -1 - (4 - (-3 - -2))?
6
0 - (2 + 4) - -3
-3
What is the value of 2 + (8 - 16) - -8?
2
-2 - -3 - (-2 + 8)
-5
What is (13 - 12) + 1 - 3?
-1
Calculate (-8 - -12) + (-1 - -2).
5
What is 2 + 2 - (2 + 2 - 6)?
6
What is (0 - 0) + (11 - 7 - 1)?
3
What is (4 - 2) + 0 + 93 + -100?
-5
What is 1 - 2 - 1 - (66 + -73)?
5
Evaluate 13 + -16 + 0 + 4.
1
Evaluate 0 - (-4 + (-7 - -19) - 1).
-7
What is the value of -7 + (16 - 3) + -5?
1
What is -3 + 2 - (-6 + 3)?
2
Calculate -6 + -7 + 8 - -8.
3
1 + -2 + 0 + (-22 - -17)
-6
1 + (-6 - -4) + 0
-1
-3 + (-6 - -12) + -5
-2
Evaluate 7 + (-9 - (11 - 21)).
8
Evaluate 7 - 1 - (4 - -1).
1
Evaluate 3 + 1 + -3 - 1.
0
What is 7 + (-10 - (-13 + 7)) - -5?
8
What is 6 + -2 + -2 - 10?
-8
What is 7 - (7 + 7 + -2)?
-5
Calculate -2 - 3 - 2 - (-9 + 5).
-3
What is -2 + 0 + -119 + 122?
1
What is the value of -11 + 4 - (8 - 11)?
-4
What is 1 + -2 + (3 + -5 - -4)?
1
-2 + (4 - 1) + -5
-4
What is -4 + -1 + (20 - 14)?
1
Evaluate -5 - (10 - (11 + 2)).
-2
(-5 - 0) + 6 + -4
-3
What is the value of 3 - (9 + (10 - 19))?
3
Evaluate (-3 + 2 - -5) + -7.
-3
3 - (1 - 2 - -4)
0
Calculate -185 + 184 - (4 + 1 - 1).
-5
What is the value of 7 - (0 + 4 + 0)?
3
Evaluate 1 - (-3 - (-1 - 1) - 0).
2
What is the value of 0 + -3 + 2 - (-29 - -27)?
1
What is (-12 - (14 - 7)) + 6 + 4?
-9
What is 12 + (4 - 9) + -1?
6
Evaluate -1 + -3 - (-5 + -1).
2
0 + -4 - (3 - 10)
3
Evaluate 6 + -3 + 0 + -5 + 1.
-1
-4 - 1 - ((-4 - -4) + 0)
-5
What is the value of 0 - -1 - (-6 - (7 + -7))?
7
What is (-3 - (-17 - -14)) + (1 - 6)?
-5
Evaluate (4 - (9 + (1 - 5))) + 5.
4
Calculate 2 - (3 - -2 - (-3 + 6)).
0
Evaluate -5 - (2 - (0 + 4 - 4)).
-7
-2 + (-4 - -5) - (7 - 3)
-5
(0 - 2) + (-3 - 0) + 8
3
Evaluate -7 + -2 - (-44 + 36).
-1
What is 1 + (-3 - (5 - (8 + -4)))?
-3
What is -3 + (-1 - -5 - 0)?
1
-4 - (0 + 8 + -7)
-5
What is -8 - (-7 + 2) - 0?
-3
0 + -4 + (-4 - (-3 + -1))
-4
Calculate -7 - (-13 - -11 - (13 - 3)).
5
What is 1 + 0 - (53 + -43)?
-9
Evaluate -1 - (-4 - 1) - (12 + -5).
-3
Calculate -3 - -3 - 5 - -6 - -5.
6
(-4 - (0 - 3 - -2)) + 0
-3
-1 + (4 + 3 + -6 - 1)
-1
Calculate (-2 - -1) + (1 - 3).
-3
(1 - (1 - 3)) + 3 + -2
4
Evaluate 23 - 11 - 20 - (0 - -1).
-9
Evaluate -61 + 53 + (2 - -10).
4
What is the value of (-2 - (3 + -2)) + 1 - 3?
-5
What is 3 - (2 + (-7 - -4)) - 3?
1
What is 0 + 0 + 3 + (-1 - 6)?
-4
What is 1 - ((-8 - -3) + 7) - -5?
4
What is the value of (-25 - -22) + -1 + 5?
1
1 + -7 + (2 - 1)
-5
What is the value of 2 + -11 + 1 + 4?
-4
Evaluate -10 - (-9 - -13 - 9).
-5
What is -6 - (0 + -2) - -7?
3
6 - (2 - -7) - (1 - -1)
-5
Calculate -1 + -8 - -8 - -5.
4
What is the value of 2 + (-7 + 8 - (1 + 7))?
-5
(-2 - (2 - 1)) + (-107 - -106)
-4
Evaluate 2 + 0 + 4 + -5 - 3.
-2
Evaluate 9 + (2 - (-3 + 8)).
6
4 + 0 + -6 + -1
-3
What is the value of 7 - (-2 + (-6 - -20) - 7)?
2
What is -4 + -2 + 0 + 2?
-4
What is the value of -5 + (3 - (5 - 0) - -4)?
-3
2 + 4 + 0 + -4 + 3
5
Calculate 18 + -15 + -1 + -5.
-3
Calculate -5 - (-8 - -3) - -5.
5
Evaluate -2 + (-13 - -3) + 5 - -8.
1
What is the value of -9 - (-3 + -8 - -4)?
-2
2 + -5 + (6 - 2)
1
What is 13 + -11 + (7 - 3)?
6
Calculate -5 + 6 + 3 + 2.
6
Evaluate 0 - (-6 - (-14 - -7)).
-1
4 + 1 + 0 + (-8 - -10)
7
-10 + (9 - (-7 - -8))
-2
Evaluate 4 - (0 - (2 + -6 + 0)).
0
What is 3 + -5 + (2 - -2)?
2
Calculate -2 + 7 - 11 - 2.
-8
(0 - 5) + -2 + 8 - 5
-4
What is -1 + (5 - (-3 - -4 - -2))?
1
Evaluate -6 - (-3 + (7 - 3)).
-7
((-2 - -3) + -2 - -6) + -3
2
What is the value of 0 - -3 - (0 - -9)?
-6
Calculate -1 + 5 + -6 + 3 + -2.
-1
What is the value of -4 + 5 + 2 + -6?
-3
What is -5 - (-3 + (0 - 1))?
-1
-4 + 8 + -7 - (-2 + 5)
-6
What is -3 + (-2 - -8) + -8?
-5
6 - ((0 - -3) + 2)
1
What is -20 + 17 + (8 - 13)?
-8
Evaluate 5 - (-1 + 4 - (1 - -1)).
4
Evaluate -6 + 18 - 11 - (1 - 0).
0
Evaluate 0 + -11 + (-5 - -7) + 5.
-4
Calculate 2 - (-5 + 2) - 3.
2
What is the value of 7 - (-1 - (4 + -10))?
2
What is the value of -1 + 3 + 0 + 3 + -6?
-1
What is -2 + -1 - 0 - -8?
5
What is the value of (-2 - 1 - 1) + (5 - 2)?
-1
What is -4 - (6 + 8 + -17)?
-1
2 - ((3 - -1) + 1 + -7)
4
Evaluate 9 + -2 - (15 - 13).
5
Wh